12 - 42. Let w = 41 + i. Calculate the remainder when 40 is divided by w.
7
Let h(n) = -22*n - n**2 + 1 + 34*n + 2*n**2. Calculate the remainder when 123/18*-1*2*-3 is divided by h(-13).
13
Let y = -623 + 645. Suppose 0 = -2*g + 4*n + 244, -g - 2*n + 20 = -118. Calculate the remainder when g is divided by y.
20
Suppose 0 = -w + 2*q + 12, 27*w - 31*w - 3*q + 48 = 0. What is the remainder when 167 is divided by w?
11
Let b = 54 + -50. Suppose b*k - 128 = 128. Calculate the remainder when k is divided by 17.
13
What is the remainder when 54746/279 - (-2)/(-9) is divided by 51?
43
Let o = 50 - -24. Let f(v) = 3*v + 40. Let m be f(-12). Suppose -2*z + 90 = m*z. What is the remainder when o is divided by z?
14
Let v(m) = 6*m**2 + 11*m - 38. Calculate the remainder when v(4) is divided by 17.
0
Let l = -5347 - -5367. Suppose 210 = 4*w + 3*r, -r + 3*r + 274 = 5*w. What is the remainder when w is divided by l?
14
Suppose t + 90 = 3*x, -4*t = -5*x + 145 - 2. What is the remainder when 307 is divided by x?
28
Suppose -2 = 4*a - 54. Calculate the remainder when 168 is divided by a.
12
Let y(j) = j**2 - 4*j + 3. Let k be y(4). Let s = k - -2. Suppose 5*m = b + 145, -m + 17 = -s*b - 12. What is the remainder when 84 is divided by m?
26
Let b = -66 + 103. Let y = 84 - b. What is the remainder when 234 is divided by y?
46
Let f = -349 - -215. Let w = f - -300. What is the remainder when w is divided by 42?
40
Calculate the remainder when 115 is divided by (-58 + -2)*(-1 - (-30)/50).
19
Let t(d) = -d**3 + 7*d**2 + 13*d + 2. Calculate the remainder when 117 is divided by t(8).
33
Suppose 15*z + 354 = 17*z. What is the remainder when z is divided by 46?
39
Let a(t) = -11*t + 4. Let p(g) = g - 3. Let r be p(4). What is the remainder when a(-3) is divided by (3/(-9))/(r/(-60))?
17
Suppose 0 = -t + 11 + 5. Suppose -5*d + 180 = -2*d. What is the remainder when d is divided by t?
12
Suppose 0 = -3*v - 2*x + 19, x - 2*x + 12 = 2*v. Suppose v = -5*g - 0, 2*h = -4*g + 74. Calculate the remainder when h is divided by 10.
9
Let y = 1272 - 846. What is the remainder when y is divided by 108?
102
Let k = 27 - -23. Let h = 52 - k. What is the remainder when 2 is divided by h?
0
Suppose 25*k - 20*k = 250. What is the remainder when 148 is divided by k?
48
Let a(s) = 21 + 19 + 4*s - 50 + 28*s. Let k be a(-11). Calculate the remainder when 6/(-27) - k/9 is divided by 21.
19
Let y(o) = -4*o - 11. Let n(c) = -c. Let w(u) = 2*n(u) - y(u). Let g be w(8). Suppose f + g = 2*f. What is the remainder when f is divided by 10?
7
Let j(m) = 11*m + 5. Let l(b) = 5*b + 2. Let k(t) = -2*j(t) + 5*l(t). Suppose -1 + 7 = 3*g. What is the remainder when 22 is divided by k(g)?
4
Let t(q) = 2*q**2 + 9*q + 13. Let m(g) = -g**3 - 2*g**2 - 2*g - 4. What is the remainder when t(-5) is divided by m(-3)?
7
Let w(j) = -7*j - 3. Let c be w(-2). Let m = c + -16. Let d = m - -9. Calculate the remainder when d is divided by 2.
0
Let g = 182 + -107. Let j = 125 - g. Calculate the remainder when 147 is divided by j.
47
Let s(q) = 27*q**2 + 21*q + 72. What is the remainder when s(-3) is divided by 67?
51
Calculate the remainder when 21 is divided by -4 + (-202)/(-14) + (-20)/(-35).
10
Suppose 2*j - 118 = -4*y, 11*j = -3*y + 13*j + 85. What is the remainder when 97 is divided by y?
10
Let a(g) = -4 - 4 + 10*g**2 - 8*g + 7*g + 6. Calculate the remainder when 25 is divided by a(-1).
7
Suppose 110 = -32*b + 54*b. What is the remainder when 174 is divided by b?
4
Suppose -47 + 5 = -3*v. What is the remainder when (13/(-26))/(1/(-106)) is divided by v?
11
Let j(p) = -6*p**3 - 4*p**2 - 3*p - 3. Let k = -911 + 945. Calculate the remainder when j(-3) is divided by k.
30
Let u(z) = z**2 - 13*z - 187. What is the remainder when 35 is divided by u(22)?
2
Suppose -15*f - 1976 = -67*f. Calculate the remainder when 71 is divided by f.
33
Let m(s) = s**3 + s**2 - 2*s + 228. Calculate the remainder when m(0) is divided by 46.
44
Suppose 4*n + 20 = 84. Let k be (4/(-2))/(-2 - -1). Suppose 2*z + 2*s = 58 - 2, -k*s = -z + n. What is the remainder when z is divided by 13?
11
Let c = -121 + 143. Suppose y - 14 = 19. What is the remainder when 60 is divided by (y/c)/(3/32)?
12
Suppose -4*p + 544 = -364. Calculate the remainder when p is divided by 23.
20
Suppose -10*k + 15*k = 120. Suppose -4 = -z + 5*t + 2, -2*z + k = 2*t. What is the remainder when 26 is divided by z?
4
Suppose -g + 17 = -52. Suppose -h - 4 = 0, g = b - 4*h + 16. Calculate the remainder when b is divided by 10.
7
Suppose -13 = -2*z - 5. Suppose -z*k = 22 - 90. What is the remainder when k is divided by 1/(-2) - (-42)/4?
7
Suppose 3 = -3*q, q + 97 = 3*d - 48. Let f = 93 - d. Calculate the remainder when f is divided by 12.
9
Let l = 2213 + -2148. Calculate the remainder when 75 is divided by l.
10
Let n = 113 + -74. Calculate the remainder when ((-228)/(-10))/((-3)/(-10)) is divided by n.
37
Let w(f) = -f**3 - f - 5. Let z be w(0). Let i = z + 93. Let s = -37 + i. Calculate the remainder when s is divided by 13.
12
Suppose -5*d + 0 = -15. Suppose -27 - d = -5*p. Suppose l - p = 9. Calculate the remainder when l is divided by 6.
3
Let i = 36 + 6. Suppose -4*r - 4*f = -300, -r = -f - 29 - i. What is the remainder when r is divided by 38?
35
Suppose -370 = -5*t - 2*l, 268 = 3*t + 4*l + 60. Let u = t + -33. Calculate the remainder when u is divided by 9.
7
Suppose -4*t = 2*m - 60, m - 73 = -5*t - 2*m. Let b = 371 + -273. Let g = b - t. What is the remainder when g is divided by 21?
18
Suppose -2 - 18 = -2*m. Let h = 67 + m. Calculate the remainder when h is divided by 13.
12
Let c = 1898 - 1894. Suppose 0 = -q - 2*d + 21, 0 = -3*d + 3. Calculate the remainder when q is divided by c.
3
Let t = -294 + 758. Suppose 2*s = q - 122, 0 = 3*q + q + 4*s - t. Calculate the remainder when q is divided by 30.
28
Suppose -10*i + 8*i = -4. Suppose t + 4*l - 323 = -i*t, t + l = 107. Calculate the remainder when t is divided by 27.
24
Suppose -4*p + 592 = -2*q, -q + 0*q + 747 = 5*p. Suppose 653 = 6*a + p. Suppose -25 + a = m. Calculate the remainder when m is divided by 16.
11
Let t(r) = -r**3 - 3*r**2 + 4*r + 1. Let w be (8/10)/(11/(-55)). Let m be t(w). What is the remainder when m/(1 + 90/(-92)) is divided by 16?
14
Calculate the remainder when 805/(-10)*(-60)/35 is divided by 70.
68
Suppose -6*z = 7*z - 546. What is the remainder when 81 is divided by z?
39
Suppose 5*b - 182 = -52. Suppose -16 = 4*d, -b = -3*x + 3*d + 2*d. Calculate the remainder when 9 is divided by x.
1
Let u = -1606 - -2411. Calculate the remainder when u is divided by 18.
13
Let c = -35 + 190. What is the remainder when c is divided by 80?
75
Let r(x) = 2*x**2 + x + 20. What is the remainder when r(-5) is divided by 28?
9
Suppose -5*o - 15 = 0, 2*p + 0*o + 2*o = 4. Let k = 11 - p. Suppose 5*v - 22 = 93. What is the remainder when v is divided by k?
5
Let t(g) = -3*g**3 - 4*g**2 + 7*g - 7. What is the remainder when 1714 is divided by t(-3)?
14
Suppose -24*q + 25*q = 6. What is the remainder when q is divided by 1?
0
Suppose 5*k = 3*p - 31, -2 = -2*p - 3*k - 13. Calculate the remainder when (14/8)/((-2)/(-16)) is divided by p.
0
Calculate the remainder when (-18)/(-12)*(-242)/(-3) is divided by 43.
35
Suppose 7*x - 47*x + 6760 = 0. Calculate the remainder when x is divided by 16.
9
Suppose 0 = -12*f + 3351 + 177. Calculate the remainder when f is divided by 29.
4
Suppose o - 3*x = 128, 26*x = 5*o + 22*x - 673. Suppose -16 = 4*j - k - 152, k - 4 = 0. What is the remainder when o is divided by j?
32
Suppose -4*i + 7840 = 3*p, -111*i + 110*i - 5*p + 1977 = 0. What is the remainder when i is divided by 49?
46
Suppose -132 = 7*i - 440. What is the remainder when 117 is divided by i?
29
Suppose 3*a - 87 = 330. What is the remainder when a is divided by 71?
68
Suppose -42 = 4*o + 5*v, -3*v + 18 = -3*o - 0*v. Let x = o - -17. Calculate the remainder when x is divided by 2.
1
Let o(m) be the second derivative of -m**3/6 + m**2/2 + 2*m. Let h be o(-7). Let b = -2 + h. What is the remainder when b is divided by 2?
0
Suppose r - o - 2 = 208, -213 = -r + 4*o. Calculate the remainder when r is divided by 24.
17
Suppose 64 = v + j, -8*v + j = -5*v - 176. Suppose -d - 2*m = -180, 2*m - 8 = -2*m. What is the remainder when 